 50, 65 = 15*q - i*q + z. Let g be (-2)/7 + 114/7. What is the greatest common divisor of g and q?
16
Let c(l) = l**2 - 3*l - 9. Let y be c(-4). Let v = -3 + y. Let o be 8/v + 9/2. Calculate the greatest common divisor of 5 and o.
5
Let a be (-1 + (-10)/3)*-3. Suppose -3*s + 10*v - 75 = -38, 5*s + 5*v = 25. Calculate the greatest common divisor of s and a.
1
Let l be -1*-5*2/(-1). Let t(n) = -n**3 - 10*n**2 + 10. Let d be t(l). What is the highest common divisor of 30 and d?
10
Let s = 32 - -12. Let b = 104 - 71. Calculate the highest common divisor of s and b.
11
Let s(n) = 135*n**3 + 2*n**2 - 1. Let x be s(1). Suppose -2*a + x = -152. Suppose 25*v - 13*v - 216 = 0. What is the greatest common factor of v and a?
18
Let x(d) = -4 + 5 - 2*d**2 + d - 6 + 3*d**2. Let m be x(7). Calculate the highest common divisor of m and 3.
3
Let c(u) = -8*u**3 - u**2 + u. Let q be c(-2). What is the greatest common factor of 1334 and q?
58
Let z(w) = -w**3 + 10*w**2 + 13*w + 35. Let r be z(11). Calculate the highest common factor of 399 and r.
57
Suppose 5*m - 283 = -l, 3*m - 4*l = 6*m - 163. Calculate the greatest common factor of 2052 and m.
57
Let l = 46 - 23. Suppose 8*a = 151 - l. Calculate the greatest common divisor of 2 and a.
2
Let u be 12/((-3)/3 + 2). Let q(b) = -b**2 - 17*b + 2. Let d be q(-10). What is the greatest common divisor of u and d?
12
Let i(a) = 159*a**3 - 5 + 4*a**2 + 3*a + 4*a - 160*a**3. Let y be i(4). Calculate the highest common divisor of 115 and y.
23
Let l be (-7)/28 - (2 - (-506)/(-8)). Suppose -10 = 3*p - l. Calculate the greatest common divisor of p and 17.
17
Let a(x) = x - 2. Let c be a(2). Let m = -143 - -146. Suppose b - m*o = -b - 2, b + 3*o - 17 = c. Calculate the highest common factor of b and 50.
5
Suppose -l - 3*y = -43, -5*l + 319 - 120 = -y. Suppose 0 - 8 = -2*o. What is the greatest common factor of l and o?
4
Let j = 30 + -14. Suppose 3*m - 23 = j. What is the greatest common divisor of 104 and m?
13
Suppose -m + 4*x + 30 = 0, m + 10*x - 12*x = 38. Calculate the greatest common divisor of m and 69.
23
Let f(p) = 47*p**2 - 54*p + 112. Let y be f(2). Calculate the highest common divisor of y and 1056.
96
Let t = -1799 + 1808. Calculate the highest common factor of 36 and t.
9
Let c be ((-2)/(-3))/((-20)/(-480)). Suppose 3*b - v + 26 - 72 = 0, -8 = -4*v. What is the highest common factor of c and b?
16
Let r = -126 + 64. Let q = r + 94. Calculate the highest common divisor of 4 and q.
4
Let c be (4 + -3)/(3/45). Let i be ((-34)/4)/(c/(-30)). Calculate the highest common divisor of i and 17.
17
Let b = -23 - -38. Let y be 3108/28 - (-4 + -20). Calculate the greatest common divisor of b and y.
15
Suppose 0 = 6*y - 7*y + 43. Let j = y + -39. Let d = 35 + 9. What is the highest common divisor of d and j?
4
Suppose 9 = 3*s - 0. Suppose 0 = 2*l - s*i + 2 - 21, 3*i = 4*l - 41. Let u = l - 3. Calculate the highest common factor of u and 24.
8
Let n be 4872/49 - (-9)/(-21). Calculate the highest common divisor of 81 and n.
9
Suppose -4*d - x = -112, 5*d - 3*x - 96 = d. Suppose -3*h - m = -h - 4, 2*h - m - 8 = 0. Calculate the highest common factor of h and d.
3
Suppose 5*o = 2*n - 7*n + 265, 2*o - 99 = 5*n. What is the greatest common factor of 8 and o?
4
Let f(u) = -16*u. Let v be f(-6). Let r be ((-23)/(-2))/((-88)/v + 1). What is the highest common divisor of 46 and r?
46
Suppose 2*b + 576 = 6*b. Let v = -1 + -3. Let l be (2/v)/((-2)/72). What is the highest common factor of l and b?
18
Suppose 0 = -3*q + 20 - 2. Let p = -55 + 55. Suppose p = 2*s - 8 - 4. What is the highest common divisor of q and s?
6
Suppose 13*j - 12*j + 51 = 0. Let n = j - -65. Calculate the greatest common factor of 70 and n.
14
Suppose 2*i - 89 = -3*b, i + 2*i - 106 = b. Calculate the greatest common factor of i and 37.
37
Let l(a) = a**2 - 2*a. Let w be l(8). Suppose 480 = 20*v - 16*v. What is the greatest common factor of w and v?
24
Suppose 2*j - 167 = -2*i + 51, 4*j = 4*i + 444. Let g be ((-976)/(-32) - 14)*4/3. What is the greatest common factor of g and j?
22
Suppose 6*s - 2*s - 19 = 3*v, 5*s = 5*v + 20. Let z = 2050 + -2036. Calculate the greatest common factor of z and s.
7
Let a be ((-18)/8)/(-10*(-11)/(-4840)). Calculate the greatest common divisor of a and 363.
33
Let x be -1*(-1 - 16)/1. Suppose 2*t = g - 2843, -3*g - 8551 = -6*g - 5*t. Let d be 6/14 + g/21. What is the highest common divisor of x and d?
17
Let a = -2474 - -2487. Calculate the greatest common divisor of 7033 and a.
13
Let i(z) = z**3 - z**2 - z - 11. Let n be i(0). Suppose -5*o = -5*f - 2*o - 77, o - 79 = 5*f. Let s = n - f. Calculate the greatest common divisor of s and 1.
1
Let h be 12/9*1*6. Suppose -3*w = -b + 4, 50*b - 53*b + 56 = 2*w. What is the highest common divisor of h and b?
8
Suppose 71 = 26*f - 2659. Calculate the greatest common divisor of f and 42.
21
Suppose -3*y - 4*o = -0*y - 2348, -5*o - 3855 = -5*y. What is the highest common factor of y and 8?
8
Let q be 14/(6/(-6) - 1)*-64. What is the highest common divisor of 98 and q?
14
Let l be ((-6)/(-2))/((-3)/(-21)). Let r = 6075 + -5802. What is the highest common factor of l and r?
21
Let q(j) = 72*j - 78. Let z be q(13). Calculate the greatest common divisor of z and 66.
66
Suppose 0*u - u + 4 = 0. Suppose -3*c - 4*x + 19 = -0*x, -44 = -4*c + u*x. What is the highest common divisor of c and 3?
3
Let o(s) = -9*s + 9. Let h be o(-7). Suppose 27 = -4*y + y. Let k be (-155)/y - 16/h. Calculate the highest common divisor of k and 136.
17
Let l = -356 - -358. Calculate the greatest common divisor of 39 and l.
1
Suppose y - 2 = -2*z, 5*z - 4 = -y + 1. Let p(a) = a**3 - 3*a**2 - 70*a + 1. Let t be p(10). What is the highest common divisor of z and t?
1
Suppose -144 + 1435 = 2*k - 5*n, 2*n - 1270 = -2*k. Calculate the greatest common divisor of k and 58.
58
Let o(k) = -2*k + 126. Let j be o(54). What is the greatest common factor of j and 354?
6
Let g(b) = b - 3. Let i be g(5). Suppose -44*y - 75 = -47*y. Let d be (146/10 - 1) + 10/y. Calculate the highest common factor of d and i.
2
Let l be 4*(-56)/(-32) + 3. Let v = -22 + 16. Let b be (-3*12)/(v/15). What is the highest common factor of l and b?
10
Suppose 0*m + 2 = m + 2*n, 0 = 5*n. Let c be m + 0 + 1 + 2. Suppose -16 = 3*q - c*q. Calculate the highest common divisor of 16 and q.
8
Let t = 22 - 14. Let k(n) = n**3 + 11*n**2 + n + 2. Let s be k(-11). Let c be (-3)/s - (-177)/9. Calculate the greatest common factor of t and c.
4
Let j(y) be the first derivative of -2*y**3/3 + 6*y**2 + 6*y + 2. Let l be j(6). What is the highest common factor of 2 and l?
2
Let d be (-3 + 51)/(0 + 2). Let r = 33 + -21. Calculate the highest common divisor of r and d.
12
Let m be 9*((-4)/12 + 1). Suppose 0 = 3*d - 0*d - m. Let j be (-3)/1 + d + 9. Calculate the greatest common divisor of j and 8.
8
Let v(l) = -5*l + 27. Let q(a) = -2*a + 14. Let s = -12 + 17. Let n(z) = s*q(z) - 3*v(z). Let x be n(7). Calculate the highest common factor of 264 and x.
24
Let q = -50 + 64. What is the highest common factor of q and 350?
14
Let z(n) = 5*n**2 - 2*n + 4. Let f = -11 + 8. Let w be z(f). Let c be (0 - -2) + w/11. What is the greatest common divisor of 14 and c?
7
Let z be 36 - (-5 + 4) - 8. Calculate the greatest common factor of z and 319.
29
Let y = -1710 - -906. Let c = 1233 + y. What is the highest common divisor of c and 39?
39
Suppose -119*r + 333 = -82*r. Calculate the highest common divisor of 1611 and r.
9
Suppose 9*y - 14 = 2*y. Suppose -3*z - 3*p + 103 = y*p, p - 71 = -2*z. What is the greatest common factor of 18 and z?
18
Let t(d) = -2*d**2 + 0*d + 4 + d**2 + 4*d**2 + 4*d. Let l be t(-4). Calculate the greatest common factor of 12 and l.
12
Let j be (-4 + 33/6)/((-9)/(-84)). Let c(p) = -9*p**3 + 5*p**2 + 2*p. Let v be c(-3). Suppose 0 = 3*l - 96 - v. What is the greatest common divisor of j and l?
14
Let c(s) = 2*s**3 - 2*s**2 + 2*s. Let t = 14 - 24. Let o be t*((-24)/20)/3. Let x be c(o). Calculate the greatest common factor of 13 and x.
13
Suppose 0 = -3*c + 5*c - 2*b - 10, -c - 4*b = 0. Let v(d) = 3*d**2 + 5*d - 2. Let j be v(c). Calculate the highest common factor of j and 6.
6
Let x(b) = 80*b + 1. Let g be x(1). Let d be 9/(-6)*8/(-6). Suppose 46 = 2*a - 4*f, -d*a 